{"id":105294,"date":"2024-12-29T21:51:55","date_gmt":"2024-12-29T20:51:55","guid":{"rendered":"https:\/\/www.atta45.se\/e-butik\/produkt\/schwarzwolf-sabana-cykelvaska\/"},"modified":"2025-10-27T19:10:47","modified_gmt":"2025-10-27T18:10:47","slug":"schwarzwolf-sabana-cykelvaska","status":"publish","type":"product","link":"https:\/\/www.atta45.se\/e-butik\/produkt\/schwarzwolf-sabana-cykelvaska\/","title":{"rendered":"Cykelv\u00e4ska Schwarzwolf SABANA"},"content":{"rendered":"<p>Kompakt Schwarzwolf cykelv\u00e4ska med ficka f\u00f6r mobiltelefon.<\/p>\n<p>Cykelv\u00e4skan har tv\u00e5 sidfickor med blixtl\u00e5s och en genomskinlig avtagbar ficka f\u00f6r din mobiltelefon som kan tas med dig.<\/p>\n<p>Dess inre m\u00e5tt \u00e4r 8 \u00d7 16,5 \u00d7 2 cm.<\/p>\n<p>F\u00f6rpackad i en Schwarzwolf presentf\u00f6rpackning.<\/p>\n<p>Material: polyester<\/p>\n<p>Rekommenderad tryckteknik: silkscreentryck S2.<\/p>\n<p>Maximal tryckstorlek: 50 \u00d7 30 mm.<\/p>\n<p>M\u00e5tt:<br \/>F\u00f6rl\u00e4ngd 31,5 \u00d7 18,5 \u00d7 4,5 cm, hopf\u00e4lld och h\u00e4ngande p\u00e5 en cykel 12,5 \u00d7 18,5 \u00d7 13,5 cm.<\/p>\n<p>Koldioxidavtryck: gCO2 e3704<\/p>\n","protected":false},"excerpt":{"rendered":"<p>Kompakt Schwarzwolf cykelv\u00e4ska med ficka f\u00f6r mobiltelefon. Cykelv\u00e4skan har tv\u00e5 sidfickor med blixtl\u00e5s och en genomskinlig avtagbar ficka f\u00f6r din mobiltelefon som kan tas med dig. Dess inre m\u00e5tt \u00e4r 8 \u00d7 16,5 \u00d7 2 cm. F\u00f6rpackad i en Schwarzwolf presentf\u00f6rpackning. Material: polyester Rekommenderad tryckteknik: silkscreentryck S2. Maximal tryckstorlek: 50 \u00d7 30 mm. M\u00e5tt:F\u00f6rl\u00e4ngd 31,5 [&hellip;]<\/p>\n","protected":false},"featured_media":105295,"template":"","meta":{"_acf_changed":false,"_seopress_robots_primary_cat":"","_seopress_titles_title":"","_seopress_titles_desc":"","_seopress_robots_index":""},"product_brand":[],"product_cat":[15],"product_tag":[],"class_list":{"0":"post-105294","1":"product","2":"type-product","3":"status-publish","4":"has-post-thumbnail","6":"product_cat-okategoriserad","7":"atta45_taxonomy-reflexer-verktyg-sakerhet-cykeltillbehor-sv","8":"atta45_taxonomy-tema-inspiration-varumarken-schwarzwolf-sv","9":"atta45_taxonomy-textil-vaskor-bagar-sv","11":"first","12":"instock","13":"taxable","14":"shipping-taxable","15":"purchasable","16":"product-type-variable"},"acf":[],"_links":{"self":[{"href":"https:\/\/www.atta45.se\/e-butik\/wp-json\/wp\/v2\/product\/105294","targetHints":{"allow":["GET"]}}],"collection":[{"href":"https:\/\/www.atta45.se\/e-butik\/wp-json\/wp\/v2\/product"}],"about":[{"href":"https:\/\/www.atta45.se\/e-butik\/wp-json\/wp\/v2\/types\/product"}],"wp:featuredmedia":[{"embeddable":true,"href":"https:\/\/www.atta45.se\/e-butik\/wp-json\/wp\/v2\/media\/105295"}],"wp:attachment":[{"href":"https:\/\/www.atta45.se\/e-butik\/wp-json\/wp\/v2\/media?parent=105294"}],"wp:term":[{"taxonomy":"product_brand","embeddable":true,"href":"https:\/\/www.atta45.se\/e-butik\/wp-json\/wp\/v2\/product_brand?post=105294"},{"taxonomy":"product_cat","embeddable":true,"href":"https:\/\/www.atta45.se\/e-butik\/wp-json\/wp\/v2\/product_cat?post=105294"},{"taxonomy":"product_tag","embeddable":true,"href":"https:\/\/www.atta45.se\/e-butik\/wp-json\/wp\/v2\/product_tag?post=105294"}],"curies":[{"name":"wp","href":"https:\/\/api.w.org\/{rel}","templated":true}]}}

Cykelväska Schwarzwolf SABANA

<p>Kompakt Schwarzwolf cykelväska med ficka för mobiltelefon.</p>
<p>Cykelväskan har två sidfickor med blixtlås och en genomskinlig avtagbar ficka för din mobiltelefon som kan tas med dig.</p>
<p>Dess inre mått är 8 × 16,5 × 2 cm.</p>
<p>Förpackad i en Schwarzwolf presentförpackning.</p>
<p>Material: polyester</p>
<p>Rekommenderad tryckteknik: silkscreentryck S2.</p>
<p>Maximal tryckstorlek: 50 × 30 mm.</p>
<p>Mått:<br />Förlängd 31,5 × 18,5 × 4,5 cm, hopfälld och hängande på en cykel 12,5 × 18,5 × 13,5 cm.</p>
<p>Koldioxidavtryck: gCO2 e3704</p>

<p>Kompakt Schwarzwolf cykelväska med ficka för mobiltelefon. Cykelväskan har två sidfickor med blixtlås och en genomskinlig avtagbar ficka för din mobiltelefon som kan tas med dig. Dess inre mått är 8 × 16,5 × 2 cm. Förpackad i en Schwarzwolf presentförpackning. Material: polyester Rekommenderad tryckteknik: silkscreentryck S2. Maximal tryckstorlek: 50 × 30 mm. Mått:Förlängd 31,5 [&hellip;]</p>
