{"id":105224,"date":"2024-12-29T21:50:11","date_gmt":"2024-12-29T20:50:11","guid":{"rendered":"https:\/\/www.atta45.se\/e-butik\/produkt\/schwarzwolf-delgada-ficklampa\/"},"modified":"2025-10-27T19:06:10","modified_gmt":"2025-10-27T18:06:10","slug":"schwarzwolf-delgada-ficklampa","status":"publish","type":"product","link":"https:\/\/www.atta45.se\/e-butik\/produkt\/schwarzwolf-delgada-ficklampa\/","title":{"rendered":"Ficklampa, utomhus Schwarzwolf Delgada"},"content":{"rendered":"<p>Schwarzwolf uppladdningsbar utomhusficklampa med handledsrem som inneh\u00e5ller CREE T6 diod.<\/p>\n<p>Tack vare det utskjutande huvudet kan du reglera fokaliseringen och v\u00e4xla ljusstyrkan.<\/p>\n<p>Den har 5 ljusl\u00e4gen:<br \/>&#8211; svag<br \/>&#8211; medium<br \/>&#8211; starkare<br \/>&#8211; blink<br \/>&#8211; SOS<\/p>\n<p>Levereras med ett uppladdningsbart batteri med 2200 mAh kapacitet och USB Micro-kabel.<\/p>\n<p>Ficklampa kan \u00e4ven anv\u00e4ndas med 3AAA-batterier.<\/p>\n<p>F\u00f6rpackad i en Schwarzwolf presentf\u00f6rpackning.<\/p>\n<p>Ljusstyrka: 270 lumen.<\/p>\n<p>Rekommenderad utskriftsteknik: laser L1.<br \/>Maximal utskriftsstorlek: 20 \u00d7 5 mm.<br \/>M\u00e5tt: 14,7 \u00d7 3,5 cm,<br \/>F\u00f6rl\u00e4ngningsl\u00e4ngd 16,5 cm<br \/>Handledsrem \u2013 21 cm.<br \/>Koldioxidavtryck: gCO2 e6352.<\/p>\n","protected":false},"excerpt":{"rendered":"<p>Schwarzwolf uppladdningsbar utomhusficklampa med handledsrem som inneh\u00e5ller CREE T6 diod. Tack vare det utskjutande huvudet kan du reglera fokaliseringen och v\u00e4xla ljusstyrkan. Den har 5 ljusl\u00e4gen:&#8211; svag&#8211; medium&#8211; starkare&#8211; blink&#8211; SOS Levereras med ett uppladdningsbart batteri med 2200 mAh kapacitet och USB Micro-kabel. Ficklampa kan \u00e4ven anv\u00e4ndas med 3AAA-batterier. F\u00f6rpackad i en Schwarzwolf presentf\u00f6rpackning. Ljusstyrka: [&hellip;]<\/p>\n","protected":false},"featured_media":105225,"template":"","meta":{"_acf_changed":false,"_seopress_robots_primary_cat":"","_seopress_titles_title":"","_seopress_titles_desc":"","_seopress_robots_index":""},"product_brand":[],"product_cat":[15],"product_tag":[],"class_list":{"0":"post-105224","1":"product","2":"type-product","3":"status-publish","4":"has-post-thumbnail","6":"product_cat-okategoriserad","7":"atta45_taxonomy-reflexer-verktyg-sakerhet-lampor-sv","8":"atta45_taxonomy-tema-inspiration-varumarken-schwarzwolf-sv","10":"first","11":"instock","12":"taxable","13":"shipping-taxable","14":"purchasable","15":"product-type-variable"},"acf":[],"_links":{"self":[{"href":"https:\/\/www.atta45.se\/e-butik\/wp-json\/wp\/v2\/product\/105224","targetHints":{"allow":["GET"]}}],"collection":[{"href":"https:\/\/www.atta45.se\/e-butik\/wp-json\/wp\/v2\/product"}],"about":[{"href":"https:\/\/www.atta45.se\/e-butik\/wp-json\/wp\/v2\/types\/product"}],"wp:featuredmedia":[{"embeddable":true,"href":"https:\/\/www.atta45.se\/e-butik\/wp-json\/wp\/v2\/media\/105225"}],"wp:attachment":[{"href":"https:\/\/www.atta45.se\/e-butik\/wp-json\/wp\/v2\/media?parent=105224"}],"wp:term":[{"taxonomy":"product_brand","embeddable":true,"href":"https:\/\/www.atta45.se\/e-butik\/wp-json\/wp\/v2\/product_brand?post=105224"},{"taxonomy":"product_cat","embeddable":true,"href":"https:\/\/www.atta45.se\/e-butik\/wp-json\/wp\/v2\/product_cat?post=105224"},{"taxonomy":"product_tag","embeddable":true,"href":"https:\/\/www.atta45.se\/e-butik\/wp-json\/wp\/v2\/product_tag?post=105224"}],"curies":[{"name":"wp","href":"https:\/\/api.w.org\/{rel}","templated":true}]}}

<p>Schwarzwolf uppladdningsbar utomhusficklampa med handledsrem som innehåller CREE T6 diod.</p>
<p>Tack vare det utskjutande huvudet kan du reglera fokaliseringen och växla ljusstyrkan.</p>
<p>Den har 5 ljuslägen:<br />&#8211; svag<br />&#8211; medium<br />&#8211; starkare<br />&#8211; blink<br />&#8211; SOS</p>
<p>Levereras med ett uppladdningsbart batteri med 2200 mAh kapacitet och USB Micro-kabel.</p>
<p>Ficklampa kan även användas med 3AAA-batterier.</p>
<p>Förpackad i en Schwarzwolf presentförpackning.</p>
<p>Ljusstyrka: 270 lumen.</p>
<p>Rekommenderad utskriftsteknik: laser L1.<br />Maximal utskriftsstorlek: 20 × 5 mm.<br />Mått: 14,7 × 3,5 cm,<br />Förlängningslängd 16,5 cm<br />Handledsrem – 21 cm.<br />Koldioxidavtryck: gCO2 e6352.</p>

<p>Schwarzwolf uppladdningsbar utomhusficklampa med handledsrem som innehåller CREE T6 diod. Tack vare det utskjutande huvudet kan du reglera fokaliseringen och växla ljusstyrkan. Den har 5 ljuslägen:&#8211; svag&#8211; medium&#8211; starkare&#8211; blink&#8211; SOS Levereras med ett uppladdningsbart batteri med 2200 mAh kapacitet och USB Micro-kabel. Ficklampa kan även användas med 3AAA-batterier. Förpackad i en Schwarzwolf presentförpackning. Ljusstyrka: [&hellip;]</p>
