{"id":105047,"date":"2024-12-29T21:40:23","date_gmt":"2024-12-29T20:40:23","guid":{"rendered":"https:\/\/www.atta45.se\/e-butik\/produkt\/schwarzwolf-pelat-multifunktionell-kniv-med-12-verktyg\/"},"modified":"2025-10-27T18:12:08","modified_gmt":"2025-10-27T17:12:08","slug":"schwarzwolf-pelat-multifunktionell-kniv-med-12-verktyg","status":"publish","type":"product","link":"https:\/\/www.atta45.se\/e-butik\/produkt\/schwarzwolf-pelat-multifunktionell-kniv-med-12-verktyg\/","title":{"rendered":"Kniv med 12 verktyg Schwarzwolf Pelat multifunktionell"},"content":{"rendered":"<p>Multifunktionell kniv Schwarzwolf med 12 verktyg f\u00f6r anv\u00e4ndning i naturen. F\u00f6rpackad i v\u00e4ska och Schwarzwolf presentf\u00f6rpackning.<br \/>Material: S \/ S 2CR13 st\u00e5l<br \/>Rekommenderad m\u00e4rkning: Lasergravyr L1<br \/>Maximalt tryckstorlek: 22 \u00d7 5 mm<br \/>Dimenson i slutet format: 10 \u00d7 1,5 \u00d7 2 cm<\/p>\n","protected":false},"excerpt":{"rendered":"<p>Multifunktionell kniv Schwarzwolf med 12 verktyg f\u00f6r anv\u00e4ndning i naturen. F\u00f6rpackad i v\u00e4ska och Schwarzwolf presentf\u00f6rpackning.Material: S \/ S 2CR13 st\u00e5lRekommenderad m\u00e4rkning: Lasergravyr L1Maximalt tryckstorlek: 22 \u00d7 5 mmDimenson i slutet format: 10 \u00d7 1,5 \u00d7 2 cm<\/p>\n","protected":false},"featured_media":105048,"template":"","meta":{"_acf_changed":false,"_seopress_robots_primary_cat":"","_seopress_titles_title":"","_seopress_titles_desc":"","_seopress_robots_index":""},"product_brand":[],"product_cat":[15],"product_tag":[],"class_list":{"0":"post-105047","1":"product","2":"type-product","3":"status-publish","4":"has-post-thumbnail","6":"product_cat-okategoriserad","7":"atta45_taxonomy-reflexer-verktyg-sakerhet-knivar-sv","8":"atta45_taxonomy-reflexer-verktyg-sakerhet-multiverktyg-sv","9":"atta45_taxonomy-tema-inspiration-varumarken-schwarzwolf-sv","11":"first","12":"instock","13":"taxable","14":"shipping-taxable","15":"purchasable","16":"product-type-variable"},"acf":[],"_links":{"self":[{"href":"https:\/\/www.atta45.se\/e-butik\/wp-json\/wp\/v2\/product\/105047","targetHints":{"allow":["GET"]}}],"collection":[{"href":"https:\/\/www.atta45.se\/e-butik\/wp-json\/wp\/v2\/product"}],"about":[{"href":"https:\/\/www.atta45.se\/e-butik\/wp-json\/wp\/v2\/types\/product"}],"wp:featuredmedia":[{"embeddable":true,"href":"https:\/\/www.atta45.se\/e-butik\/wp-json\/wp\/v2\/media\/105048"}],"wp:attachment":[{"href":"https:\/\/www.atta45.se\/e-butik\/wp-json\/wp\/v2\/media?parent=105047"}],"wp:term":[{"taxonomy":"product_brand","embeddable":true,"href":"https:\/\/www.atta45.se\/e-butik\/wp-json\/wp\/v2\/product_brand?post=105047"},{"taxonomy":"product_cat","embeddable":true,"href":"https:\/\/www.atta45.se\/e-butik\/wp-json\/wp\/v2\/product_cat?post=105047"},{"taxonomy":"product_tag","embeddable":true,"href":"https:\/\/www.atta45.se\/e-butik\/wp-json\/wp\/v2\/product_tag?post=105047"}],"curies":[{"name":"wp","href":"https:\/\/api.w.org\/{rel}","templated":true}]}}