{"id":105035,"date":"2024-12-29T21:39:59","date_gmt":"2024-12-29T20:39:59","guid":{"rendered":"https:\/\/www.atta45.se\/e-butik\/produkt\/schwarzwolf-biwa-ficklampa-i-metall\/"},"modified":"2025-10-27T18:11:56","modified_gmt":"2025-10-27T17:11:56","slug":"schwarzwolf-biwa-ficklampa-i-metall","status":"publish","type":"product","link":"https:\/\/www.atta45.se\/e-butik\/produkt\/schwarzwolf-biwa-ficklampa-i-metall\/","title":{"rendered":"Ficklampa i metall Schwarzwolf Biwa"},"content":{"rendered":"<p>Ficklampa i metall f\u00f6r utomhusbruk. Den inkluderar Cree XPE-diod och f\u00f6rl\u00e4ngning av COB-dioden som ger en mycket intensiv belysning. I slutet av ficklampan finns magnet och krok f\u00f6r upph\u00e4ngning. F\u00f6rpackad i Schwarzwolf presentf\u00f6rpackning.<br \/>Ljusstyrka: Cree XPE-diod 130 lumen, COB-diod<br \/>180 lumen<br \/>Rekommenderad m\u00e4rkning: Lasergravyr L1<br \/>Maximal tryckstorlek: 25 \u00d7 10 mm<br \/>M\u00e5tt: 16,7 \u00d7 4 cm, f\u00f6rl\u00e4ngd l\u00e4ngd 22,8 cm<br \/>Baterries 4 \u00d7 AAA ing\u00e5r<\/p>\n","protected":false},"excerpt":{"rendered":"<p>Ficklampa i metall f\u00f6r utomhusbruk. Den inkluderar Cree XPE-diod och f\u00f6rl\u00e4ngning av COB-dioden som ger en mycket intensiv belysning. I slutet av ficklampan finns magnet och krok f\u00f6r upph\u00e4ngning. F\u00f6rpackad i Schwarzwolf presentf\u00f6rpackning.Ljusstyrka: Cree XPE-diod 130 lumen, COB-diod180 lumenRekommenderad m\u00e4rkning: Lasergravyr L1Maximal tryckstorlek: 25 \u00d7 10 mmM\u00e5tt: 16,7 \u00d7 4 cm, f\u00f6rl\u00e4ngd l\u00e4ngd 22,8 cmBaterries [&hellip;]<\/p>\n","protected":false},"featured_media":105036,"template":"","meta":{"_acf_changed":false,"_seopress_robots_primary_cat":"","_seopress_titles_title":"","_seopress_titles_desc":"","_seopress_robots_index":""},"product_brand":[],"product_cat":[15],"product_tag":[],"class_list":{"0":"post-105035","1":"product","2":"type-product","3":"status-publish","4":"has-post-thumbnail","6":"product_cat-okategoriserad","7":"atta45_taxonomy-reflexer-verktyg-sakerhet-lampor-sv","8":"atta45_taxonomy-tema-inspiration-varumarken-schwarzwolf-sv","10":"first","11":"instock","12":"taxable","13":"shipping-taxable","14":"purchasable","15":"product-type-variable"},"acf":[],"_links":{"self":[{"href":"https:\/\/www.atta45.se\/e-butik\/wp-json\/wp\/v2\/product\/105035","targetHints":{"allow":["GET"]}}],"collection":[{"href":"https:\/\/www.atta45.se\/e-butik\/wp-json\/wp\/v2\/product"}],"about":[{"href":"https:\/\/www.atta45.se\/e-butik\/wp-json\/wp\/v2\/types\/product"}],"wp:featuredmedia":[{"embeddable":true,"href":"https:\/\/www.atta45.se\/e-butik\/wp-json\/wp\/v2\/media\/105036"}],"wp:attachment":[{"href":"https:\/\/www.atta45.se\/e-butik\/wp-json\/wp\/v2\/media?parent=105035"}],"wp:term":[{"taxonomy":"product_brand","embeddable":true,"href":"https:\/\/www.atta45.se\/e-butik\/wp-json\/wp\/v2\/product_brand?post=105035"},{"taxonomy":"product_cat","embeddable":true,"href":"https:\/\/www.atta45.se\/e-butik\/wp-json\/wp\/v2\/product_cat?post=105035"},{"taxonomy":"product_tag","embeddable":true,"href":"https:\/\/www.atta45.se\/e-butik\/wp-json\/wp\/v2\/product_tag?post=105035"}],"curies":[{"name":"wp","href":"https:\/\/api.w.org\/{rel}","templated":true}]}}

<p>Ficklampa i metall för utomhusbruk. Den inkluderar Cree XPE-diod och förlängning av COB-dioden som ger en mycket intensiv belysning. I slutet av ficklampan finns magnet och krok för upphängning. Förpackad i Schwarzwolf presentförpackning.<br />Ljusstyrka: Cree XPE-diod 130 lumen, COB-diod<br />180 lumen<br />Rekommenderad märkning: Lasergravyr L1<br />Maximal tryckstorlek: 25 × 10 mm<br />Mått: 16,7 × 4 cm, förlängd längd 22,8 cm<br />Baterries 4 × AAA ingår</p>

<p>Ficklampa i metall för utomhusbruk. Den inkluderar Cree XPE-diod och förlängning av COB-dioden som ger en mycket intensiv belysning. I slutet av ficklampan finns magnet och krok för upphängning. Förpackad i Schwarzwolf presentförpackning.Ljusstyrka: Cree XPE-diod 130 lumen, COB-diod180 lumenRekommenderad märkning: Lasergravyr L1Maximal tryckstorlek: 25 × 10 mmMått: 16,7 × 4 cm, förlängd längd 22,8 cmBaterries [&hellip;]</p>
