{"id":104554,"date":"2024-12-27T15:24:27","date_gmt":"2024-12-27T14:24:27","guid":{"rendered":"https:\/\/www.atta45.se\/e-butik\/produkt\/reflexvast-hi-vis-3m-med-dragkedja-och-fickor-vuxen\/"},"modified":"2025-10-28T05:18:27","modified_gmt":"2025-10-28T04:18:27","slug":"reflexvast-hi-vis-3m-med-dragkedja-och-fickor-vuxen","status":"publish","type":"product","link":"https:\/\/www.atta45.se\/e-butik\/produkt\/reflexvast-hi-vis-3m-med-dragkedja-och-fickor-vuxen\/","title":{"rendered":"Reflexv\u00e4st HI-VIS 3M med dragkedja och fickor [Vuxen]"},"content":{"rendered":"<p>Reflexv\u00e4st med fickor och dragkedja.<\/p>\n<p>Ger maximal synlighet i d\u00e5liga ljusf\u00f6rh\u00e5llanden. Perfekt f\u00f6r dig som beh\u00f6ver slitstarka och estetiskt tilltalande kl\u00e4der med maximal synlighet.<\/p>\n<p>Tv\u00e5 fickor fram med kardborrel\u00e5s. En genomskinlig ficka f\u00f6r mobiltelefon.<\/p>\n<p>Tv\u00e5 5 cm breda 3M reflexremsor runt kroppen och \u00f6ver axeln. Ytterligare tv\u00e5 framfickor med kardborrel\u00e5s. Plus en genomskinlig ficka f\u00f6r en mobiltelefon.<\/p>\n","protected":false},"excerpt":{"rendered":"<p>Reflexv\u00e4st med fickor och dragkedja. Ger maximal synlighet i d\u00e5liga ljusf\u00f6rh\u00e5llanden. Perfekt f\u00f6r dig som beh\u00f6ver slitstarka och estetiskt tilltalande kl\u00e4der med maximal synlighet. Tv\u00e5 fickor fram med kardborrel\u00e5s. En genomskinlig ficka f\u00f6r mobiltelefon. Tv\u00e5 5 cm breda 3M reflexremsor runt kroppen och \u00f6ver axeln. Ytterligare tv\u00e5 framfickor med kardborrel\u00e5s. Plus en genomskinlig ficka f\u00f6r [&hellip;]<\/p>\n","protected":false},"featured_media":104555,"template":"","meta":{"_acf_changed":false,"_seopress_robots_primary_cat":"","_seopress_titles_title":"","_seopress_titles_desc":"","_seopress_robots_index":""},"product_brand":[],"product_cat":[15],"product_tag":[],"class_list":{"0":"post-104554","1":"product","2":"type-product","3":"status-publish","4":"has-post-thumbnail","6":"product_cat-okategoriserad","7":"atta45_taxonomy-tema-inspiration-varumarken-great-reflectives-sv","8":"atta45_taxonomy-trading-reflexer-reflexvastar-sv","9":"atta45_taxonomy-reflexer-reflexvastar-sv","10":"atta45_taxonomy-reflexer-verktyg-sakerhet-reflexvastar-sv","11":"atta45_taxonomy-tema-inspiration-sasong-vinter-sv","13":"first","14":"instock","15":"taxable","16":"shipping-taxable","17":"purchasable","18":"product-type-variable"},"acf":[],"_links":{"self":[{"href":"https:\/\/www.atta45.se\/e-butik\/wp-json\/wp\/v2\/product\/104554","targetHints":{"allow":["GET"]}}],"collection":[{"href":"https:\/\/www.atta45.se\/e-butik\/wp-json\/wp\/v2\/product"}],"about":[{"href":"https:\/\/www.atta45.se\/e-butik\/wp-json\/wp\/v2\/types\/product"}],"wp:featuredmedia":[{"embeddable":true,"href":"https:\/\/www.atta45.se\/e-butik\/wp-json\/wp\/v2\/media\/104555"}],"wp:attachment":[{"href":"https:\/\/www.atta45.se\/e-butik\/wp-json\/wp\/v2\/media?parent=104554"}],"wp:term":[{"taxonomy":"product_brand","embeddable":true,"href":"https:\/\/www.atta45.se\/e-butik\/wp-json\/wp\/v2\/product_brand?post=104554"},{"taxonomy":"product_cat","embeddable":true,"href":"https:\/\/www.atta45.se\/e-butik\/wp-json\/wp\/v2\/product_cat?post=104554"},{"taxonomy":"product_tag","embeddable":true,"href":"https:\/\/www.atta45.se\/e-butik\/wp-json\/wp\/v2\/product_tag?post=104554"}],"curies":[{"name":"wp","href":"https:\/\/api.w.org\/{rel}","templated":true}]}}

Reflexväst HI-VIS 3M med dragkedja och fickor [Vuxen]

<p>Reflexväst med fickor och dragkedja.</p>
<p>Ger maximal synlighet i dåliga ljusförhållanden. Perfekt för dig som behöver slitstarka och estetiskt tilltalande kläder med maximal synlighet.</p>
<p>Två fickor fram med kardborrelås. En genomskinlig ficka för mobiltelefon.</p>
<p>Två 5 cm breda 3M reflexremsor runt kroppen och över axeln. Ytterligare två framfickor med kardborrelås. Plus en genomskinlig ficka för en mobiltelefon.</p>

<p>Reflexväst med fickor och dragkedja. Ger maximal synlighet i dåliga ljusförhållanden. Perfekt för dig som behöver slitstarka och estetiskt tilltalande kläder med maximal synlighet. Två fickor fram med kardborrelås. En genomskinlig ficka för mobiltelefon. Två 5 cm breda 3M reflexremsor runt kroppen och över axeln. Ytterligare två framfickor med kardborrelås. Plus en genomskinlig ficka för [&hellip;]</p>
