{"id":104520,"date":"2024-12-27T15:23:51","date_gmt":"2024-12-27T14:23:51","guid":{"rendered":"https:\/\/www.atta45.se\/e-butik\/produkt\/reflexvast-hi-vis-3m-med-dragkedja-vuxen\/"},"modified":"2025-10-28T05:17:34","modified_gmt":"2025-10-28T04:17:34","slug":"reflexvast-hi-vis-3m-med-dragkedja-vuxen","status":"publish","type":"product","link":"https:\/\/www.atta45.se\/e-butik\/produkt\/reflexvast-hi-vis-3m-med-dragkedja-vuxen\/","title":{"rendered":"Reflexv\u00e4st HI-VIS 3M med dragkedja [Vuxen]"},"content":{"rendered":"<p>PREMIUM Varningskl\u00e4der med h\u00f6g synlighet f\u00f6r professionellt bruk<br \/>(klass 2). 3M reflekterande tejp i silver.<\/p>\n<p>Reflexv\u00e4st med dragkedja. Oumb\u00e4rlig f\u00f6r l\u00f6pare, cyklister och<br \/>alla som g\u00f6r fysisk aktivitet ute efter m\u00f6rkrets inbrott. Tack vare reflexv\u00e4sten blir du s\u00e4krare p\u00e5 v\u00e4garna.<\/p>\n<p>Certifierad enligt EN ISO 20471:2014<\/p>\n","protected":false},"excerpt":{"rendered":"<p>PREMIUM Varningskl\u00e4der med h\u00f6g synlighet f\u00f6r professionellt bruk(klass 2). 3M reflekterande tejp i silver. Reflexv\u00e4st med dragkedja. Oumb\u00e4rlig f\u00f6r l\u00f6pare, cyklister ochalla som g\u00f6r fysisk aktivitet ute efter m\u00f6rkrets inbrott. Tack vare reflexv\u00e4sten blir du s\u00e4krare p\u00e5 v\u00e4garna. Certifierad enligt EN ISO 20471:2014<\/p>\n","protected":false},"featured_media":104521,"template":"","meta":{"_acf_changed":false,"_seopress_robots_primary_cat":"","_seopress_titles_title":"","_seopress_titles_desc":"","_seopress_robots_index":""},"product_brand":[],"product_cat":[15],"product_tag":[],"class_list":{"0":"post-104520","1":"product","2":"type-product","3":"status-publish","4":"has-post-thumbnail","6":"product_cat-okategoriserad","7":"atta45_taxonomy-tema-inspiration-varumarken-great-reflectives-sv","8":"atta45_taxonomy-trading-reflexer-reflexvastar-sv","9":"atta45_taxonomy-reflexer-reflexvastar-sv","10":"atta45_taxonomy-reflexer-verktyg-sakerhet-reflexvastar-sv","11":"atta45_taxonomy-tema-inspiration-sasong-vinter-sv","13":"first","14":"instock","15":"taxable","16":"shipping-taxable","17":"purchasable","18":"product-type-variable"},"acf":[],"_links":{"self":[{"href":"https:\/\/www.atta45.se\/e-butik\/wp-json\/wp\/v2\/product\/104520","targetHints":{"allow":["GET"]}}],"collection":[{"href":"https:\/\/www.atta45.se\/e-butik\/wp-json\/wp\/v2\/product"}],"about":[{"href":"https:\/\/www.atta45.se\/e-butik\/wp-json\/wp\/v2\/types\/product"}],"wp:featuredmedia":[{"embeddable":true,"href":"https:\/\/www.atta45.se\/e-butik\/wp-json\/wp\/v2\/media\/104521"}],"wp:attachment":[{"href":"https:\/\/www.atta45.se\/e-butik\/wp-json\/wp\/v2\/media?parent=104520"}],"wp:term":[{"taxonomy":"product_brand","embeddable":true,"href":"https:\/\/www.atta45.se\/e-butik\/wp-json\/wp\/v2\/product_brand?post=104520"},{"taxonomy":"product_cat","embeddable":true,"href":"https:\/\/www.atta45.se\/e-butik\/wp-json\/wp\/v2\/product_cat?post=104520"},{"taxonomy":"product_tag","embeddable":true,"href":"https:\/\/www.atta45.se\/e-butik\/wp-json\/wp\/v2\/product_tag?post=104520"}],"curies":[{"name":"wp","href":"https:\/\/api.w.org\/{rel}","templated":true}]}}

Reflexväst HI-VIS 3M med dragkedja [Vuxen]

<p>PREMIUM Varningskläder med hög synlighet för professionellt bruk<br />(klass 2). 3M reflekterande tejp i silver.</p>
<p>Reflexväst med dragkedja. Oumbärlig för löpare, cyklister och<br />alla som gör fysisk aktivitet ute efter mörkrets inbrott. Tack vare reflexvästen blir du säkrare på vägarna.</p>
<p>Certifierad enligt EN ISO 20471:2014</p>

<p>PREMIUM Varningskläder med hög synlighet för professionellt bruk(klass 2). 3M reflekterande tejp i silver. Reflexväst med dragkedja. Oumbärlig för löpare, cyklister ochalla som gör fysisk aktivitet ute efter mörkrets inbrott. Tack vare reflexvästen blir du säkrare på vägarna. Certifierad enligt EN ISO 20471:2014</p>
