{"id":104404,"date":"2024-12-27T15:22:14","date_gmt":"2024-12-27T14:22:14","guid":{"rendered":"https:\/\/www.atta45.se\/e-butik\/produkt\/reflexvast-barn-01\/"},"modified":"2025-10-28T04:06:03","modified_gmt":"2025-10-28T03:06:03","slug":"reflexvast-barn-01","status":"publish","type":"product","link":"https:\/\/www.atta45.se\/e-butik\/produkt\/reflexvast-barn-01\/","title":{"rendered":"V\u00e4st Barn 01"},"content":{"rendered":"<p>Reflekterande v\u00e4st i barnstorlek. Traditionell modell med kardborrekn\u00e4ppning.<\/p>\n<p>Uppfyller kraven f\u00f6r CE EN ISO 1150:1999  (g\u00e4ller endast f\u00f6r Gul och Orangef\u00e4rgade v\u00e4star).<\/p>\n<p>S  storlek     \u2013 45 x 50 cm (121 \u2013 138 cm) f\u00f6r yngre barn i f\u00f6rskole\u00e5lder<\/p>\n<p>M storlek    \u2013 50 x 55 cm (138 \u2013 162 cm) f\u00f6r barn i l\u00e5g\/mellanstadie<\/p>\n<p>L storlek      \u2013 55 x 60 cm (163 \u2013 180 cm) f\u00f6r h\u00f6gstadie<\/p>\n","protected":false},"excerpt":{"rendered":"<p>Reflekterande v\u00e4st i barnstorlek. Traditionell modell med kardborrekn\u00e4ppning. Uppfyller kraven f\u00f6r CE EN ISO 1150:1999 (g\u00e4ller endast f\u00f6r Gul och Orangef\u00e4rgade v\u00e4star). S storlek \u2013 45 x 50 cm (121 \u2013 138 cm) f\u00f6r yngre barn i f\u00f6rskole\u00e5lder M storlek \u2013 50 x 55 cm (138 \u2013 162 cm) f\u00f6r barn i l\u00e5g\/mellanstadie L storlek [&hellip;]<\/p>\n","protected":false},"featured_media":104405,"template":"","meta":{"_acf_changed":false,"_seopress_robots_primary_cat":"","_seopress_titles_title":"","_seopress_titles_desc":"","_seopress_robots_index":""},"product_brand":[],"product_cat":[15],"product_tag":[],"class_list":{"0":"post-104404","1":"product","2":"type-product","3":"status-publish","4":"has-post-thumbnail","6":"product_cat-okategoriserad","7":"atta45_taxonomy-tema-inspiration-varumarken-great-reflectives-sv","8":"atta45_taxonomy-trading-reflexer-reflexvastar-sv","9":"atta45_taxonomy-reflexer-reflexvastar-sv","10":"atta45_taxonomy-reflexer-verktyg-sakerhet-reflexvastar-sv","11":"atta45_taxonomy-tema-inspiration-sasong-vinter-sv","13":"first","14":"instock","15":"taxable","16":"shipping-taxable","17":"purchasable","18":"product-type-variable"},"acf":[],"_links":{"self":[{"href":"https:\/\/www.atta45.se\/e-butik\/wp-json\/wp\/v2\/product\/104404","targetHints":{"allow":["GET"]}}],"collection":[{"href":"https:\/\/www.atta45.se\/e-butik\/wp-json\/wp\/v2\/product"}],"about":[{"href":"https:\/\/www.atta45.se\/e-butik\/wp-json\/wp\/v2\/types\/product"}],"wp:featuredmedia":[{"embeddable":true,"href":"https:\/\/www.atta45.se\/e-butik\/wp-json\/wp\/v2\/media\/104405"}],"wp:attachment":[{"href":"https:\/\/www.atta45.se\/e-butik\/wp-json\/wp\/v2\/media?parent=104404"}],"wp:term":[{"taxonomy":"product_brand","embeddable":true,"href":"https:\/\/www.atta45.se\/e-butik\/wp-json\/wp\/v2\/product_brand?post=104404"},{"taxonomy":"product_cat","embeddable":true,"href":"https:\/\/www.atta45.se\/e-butik\/wp-json\/wp\/v2\/product_cat?post=104404"},{"taxonomy":"product_tag","embeddable":true,"href":"https:\/\/www.atta45.se\/e-butik\/wp-json\/wp\/v2\/product_tag?post=104404"}],"curies":[{"name":"wp","href":"https:\/\/api.w.org\/{rel}","templated":true}]}}

Väst Barn 01

<p>Reflekterande väst i barnstorlek. Traditionell modell med kardborreknäppning.</p>
<p>Uppfyller kraven för CE EN ISO 1150:1999  (gäller endast för Gul och Orangefärgade västar).</p>
<p>S  storlek     – 45 x 50 cm (121 – 138 cm) för yngre barn i förskoleålder</p>
<p>M storlek    – 50 x 55 cm (138 – 162 cm) för barn i låg/mellanstadie</p>
<p>L storlek      – 55 x 60 cm (163 – 180 cm) för högstadie</p>

<p>Reflekterande väst i barnstorlek. Traditionell modell med kardborreknäppning. Uppfyller kraven för CE EN ISO 1150:1999 (gäller endast för Gul och Orangefärgade västar). S storlek – 45 x 50 cm (121 – 138 cm) för yngre barn i förskoleålder M storlek – 50 x 55 cm (138 – 162 cm) för barn i låg/mellanstadie L storlek [&hellip;]</p>
