{"id":104330,"date":"2024-12-27T15:20:51","date_gmt":"2024-12-27T14:20:51","guid":{"rendered":"https:\/\/www.atta45.se\/e-butik\/produkt\/mjuk-reflex-made-in-eu-ogleband\/"},"modified":"2025-10-28T05:15:44","modified_gmt":"2025-10-28T04:15:44","slug":"mjuk-reflex-made-in-eu-ogleband","status":"publish","type":"product","link":"https:\/\/www.atta45.se\/e-butik\/produkt\/mjuk-reflex-made-in-eu-ogleband\/","title":{"rendered":"Reflex mjuk Made in EU [\u00d6gleband]"},"content":{"rendered":"<p>Ett \u00f6gleband att h\u00e4nga i exempelvis ryggs\u00e4cken eller v\u00e4skan. <\/p>\n<p>Produkterna \u00e4r gjorda av certifierad film som reflekterar ljuset fr\u00e5n str\u00e5lkastare fr\u00e5n s\u00e5 l\u00e5ngt som 300 meter.<\/p>\n<p>Certifierat h\u00f6gkvalitativt h\u00e4ngsmycke i Reflomax AGR Max-certifierad reflekterande film, i enlighet med CE EN 17353.<\/p>\n<p>V\u00e4lj de tillbeh\u00f6r som passar dina krav. Kulkedja kr\u00e4vs f\u00f6r att produkten skall f\u00f6lja EN-standard<\/p>\n","protected":false},"excerpt":{"rendered":"<p>Ett \u00f6gleband att h\u00e4nga i exempelvis ryggs\u00e4cken eller v\u00e4skan. Produkterna \u00e4r gjorda av certifierad film som reflekterar ljuset fr\u00e5n str\u00e5lkastare fr\u00e5n s\u00e5 l\u00e5ngt som 300 meter. Certifierat h\u00f6gkvalitativt h\u00e4ngsmycke i Reflomax AGR Max-certifierad reflekterande film, i enlighet med CE EN 17353. V\u00e4lj de tillbeh\u00f6r som passar dina krav. Kulkedja kr\u00e4vs f\u00f6r att produkten skall f\u00f6lja [&hellip;]<\/p>\n","protected":false},"featured_media":104331,"template":"","meta":{"_acf_changed":false,"_seopress_robots_primary_cat":"","_seopress_titles_title":"","_seopress_titles_desc":"","_seopress_robots_index":""},"product_brand":[],"product_cat":[15],"product_tag":[],"class_list":{"0":"post-104330","1":"product","2":"type-product","3":"status-publish","4":"has-post-thumbnail","6":"product_cat-okategoriserad","7":"atta45_taxonomy-reflexer-verktyg-sakerhet-mjuka-reflexer-standardform-grupp-1-sv","8":"atta45_taxonomy-reflexer-ogleband-sv","9":"atta45_taxonomy-tema-inspiration-varumarken-reflomax-agr-sv","11":"first","12":"instock","13":"taxable","14":"shipping-taxable","15":"purchasable","16":"product-type-variable"},"acf":[],"_links":{"self":[{"href":"https:\/\/www.atta45.se\/e-butik\/wp-json\/wp\/v2\/product\/104330","targetHints":{"allow":["GET"]}}],"collection":[{"href":"https:\/\/www.atta45.se\/e-butik\/wp-json\/wp\/v2\/product"}],"about":[{"href":"https:\/\/www.atta45.se\/e-butik\/wp-json\/wp\/v2\/types\/product"}],"wp:featuredmedia":[{"embeddable":true,"href":"https:\/\/www.atta45.se\/e-butik\/wp-json\/wp\/v2\/media\/104331"}],"wp:attachment":[{"href":"https:\/\/www.atta45.se\/e-butik\/wp-json\/wp\/v2\/media?parent=104330"}],"wp:term":[{"taxonomy":"product_brand","embeddable":true,"href":"https:\/\/www.atta45.se\/e-butik\/wp-json\/wp\/v2\/product_brand?post=104330"},{"taxonomy":"product_cat","embeddable":true,"href":"https:\/\/www.atta45.se\/e-butik\/wp-json\/wp\/v2\/product_cat?post=104330"},{"taxonomy":"product_tag","embeddable":true,"href":"https:\/\/www.atta45.se\/e-butik\/wp-json\/wp\/v2\/product_tag?post=104330"}],"curies":[{"name":"wp","href":"https:\/\/api.w.org\/{rel}","templated":true}]}}

Reflex mjuk Made in EU [Ögleband]

<p>Ett ögleband att hänga i exempelvis ryggsäcken eller väskan. </p>
<p>Produkterna är gjorda av certifierad film som reflekterar ljuset från strålkastare från så långt som 300 meter.</p>
<p>Certifierat högkvalitativt hängsmycke i Reflomax AGR Max-certifierad reflekterande film, i enlighet med CE EN 17353.</p>
<p>Välj de tillbehör som passar dina krav. Kulkedja krävs för att produkten skall följa EN-standard</p>

<p>Ett ögleband att hänga i exempelvis ryggsäcken eller väskan. Produkterna är gjorda av certifierad film som reflekterar ljuset från strålkastare från så långt som 300 meter. Certifierat högkvalitativt hängsmycke i Reflomax AGR Max-certifierad reflekterande film, i enlighet med CE EN 17353. Välj de tillbehör som passar dina krav. Kulkedja krävs för att produkten skall följa [&hellip;]</p>
