{"id":104255,"date":"2024-12-27T15:18:39","date_gmt":"2024-12-27T14:18:39","guid":{"rendered":"https:\/\/www.atta45.se\/e-butik\/produkt\/reflex-ogleband\/"},"modified":"2025-10-28T05:26:56","modified_gmt":"2025-10-28T04:26:56","slug":"reflex-ogleband","status":"publish","type":"product","link":"https:\/\/www.atta45.se\/e-butik\/produkt\/reflex-ogleband\/","title":{"rendered":"Reflex \u00f6gleband"},"content":{"rendered":"<p>Ett \u00f6gleband att h\u00e4nga i exempelvis ryggs\u00e4cken eller v\u00e4skan. <\/p>\n<p>Produkterna \u00e4r gjorda av certifierad film som reflekterar ljuset fr\u00e5n str\u00e5lkastare fr\u00e5n s\u00e5 l\u00e5ngt som 300 meter.<\/p>\n<p>Certifierat h\u00f6gkvalitativt h\u00e4ngsmycke i Reflomax AGR Max-certifierad reflekterande film, i enlighet med CE EN 17353.<\/p>\n","protected":false},"excerpt":{"rendered":"<p>Ett \u00f6gleband att h\u00e4nga i exempelvis ryggs\u00e4cken eller v\u00e4skan. Produkterna \u00e4r gjorda av certifierad film som reflekterar ljuset fr\u00e5n str\u00e5lkastare fr\u00e5n s\u00e5 l\u00e5ngt som 300 meter. Certifierat h\u00f6gkvalitativt h\u00e4ngsmycke i Reflomax AGR Max-certifierad reflekterande film, i enlighet med CE EN 17353.<\/p>\n","protected":false},"featured_media":104256,"template":"","meta":{"_acf_changed":false,"_seopress_robots_primary_cat":"","_seopress_titles_title":"","_seopress_titles_desc":"","_seopress_robots_index":""},"product_brand":[],"product_cat":[15],"product_tag":[],"class_list":{"0":"post-104255","1":"product","2":"type-product","3":"status-publish","4":"has-post-thumbnail","6":"product_cat-okategoriserad","7":"atta45_taxonomy-reflexer-konsumentpack-sv","9":"first","10":"instock","11":"taxable","12":"shipping-taxable","13":"purchasable","14":"product-type-variable"},"acf":[],"_links":{"self":[{"href":"https:\/\/www.atta45.se\/e-butik\/wp-json\/wp\/v2\/product\/104255","targetHints":{"allow":["GET"]}}],"collection":[{"href":"https:\/\/www.atta45.se\/e-butik\/wp-json\/wp\/v2\/product"}],"about":[{"href":"https:\/\/www.atta45.se\/e-butik\/wp-json\/wp\/v2\/types\/product"}],"wp:featuredmedia":[{"embeddable":true,"href":"https:\/\/www.atta45.se\/e-butik\/wp-json\/wp\/v2\/media\/104256"}],"wp:attachment":[{"href":"https:\/\/www.atta45.se\/e-butik\/wp-json\/wp\/v2\/media?parent=104255"}],"wp:term":[{"taxonomy":"product_brand","embeddable":true,"href":"https:\/\/www.atta45.se\/e-butik\/wp-json\/wp\/v2\/product_brand?post=104255"},{"taxonomy":"product_cat","embeddable":true,"href":"https:\/\/www.atta45.se\/e-butik\/wp-json\/wp\/v2\/product_cat?post=104255"},{"taxonomy":"product_tag","embeddable":true,"href":"https:\/\/www.atta45.se\/e-butik\/wp-json\/wp\/v2\/product_tag?post=104255"}],"curies":[{"name":"wp","href":"https:\/\/api.w.org\/{rel}","templated":true}]}}