{"id":102600,"date":"2024-12-27T14:47:08","date_gmt":"2024-12-27T13:47:08","guid":{"rendered":"https:\/\/www.atta45.se\/e-butik\/produkt\/maglite-solitaire-ficklampa-i-aluminium-ottomar\/"},"modified":"2025-10-27T22:24:19","modified_gmt":"2025-10-27T21:24:19","slug":"maglite-solitaire-ficklampa-i-aluminium-ottomar","status":"publish","type":"product","link":"https:\/\/www.atta45.se\/e-butik\/produkt\/maglite-solitaire-ficklampa-i-aluminium-ottomar\/","title":{"rendered":"Ficklampa i aluminium, Maglite Solitaire, Ottomar"},"content":{"rendered":"<p>Maglite Solitaire ficklampa i aluminium med nyckelring och justerbar ljusstr\u00e5le. Individuellt f\u00f6rpackad i presentf\u00f6rpackning. Batterier ing\u00e5r.<\/p>\n","protected":false},"excerpt":{"rendered":"<p>Maglite Solitaire ficklampa i aluminium med nyckelring och justerbar ljusstr\u00e5le. Individuellt f\u00f6rpackad i presentf\u00f6rpackning. Batterier ing\u00e5r.<\/p>\n","protected":false},"featured_media":102601,"template":"","meta":{"_acf_changed":false,"_seopress_robots_primary_cat":"","_seopress_titles_title":"","_seopress_titles_desc":"","_seopress_robots_index":""},"product_brand":[],"product_cat":[15],"product_tag":[],"class_list":{"0":"post-102600","1":"product","2":"type-product","3":"status-publish","4":"has-post-thumbnail","6":"product_cat-okategoriserad","7":"atta45_taxonomy-reflexer-verktyg-sakerhet-lampor-sv","8":"atta45_taxonomy-praktiska-ting-lampor-sv","10":"first","11":"instock","12":"taxable","13":"shipping-taxable","14":"purchasable","15":"product-type-variable"},"acf":[],"_links":{"self":[{"href":"https:\/\/www.atta45.se\/e-butik\/wp-json\/wp\/v2\/product\/102600","targetHints":{"allow":["GET"]}}],"collection":[{"href":"https:\/\/www.atta45.se\/e-butik\/wp-json\/wp\/v2\/product"}],"about":[{"href":"https:\/\/www.atta45.se\/e-butik\/wp-json\/wp\/v2\/types\/product"}],"wp:featuredmedia":[{"embeddable":true,"href":"https:\/\/www.atta45.se\/e-butik\/wp-json\/wp\/v2\/media\/102601"}],"wp:attachment":[{"href":"https:\/\/www.atta45.se\/e-butik\/wp-json\/wp\/v2\/media?parent=102600"}],"wp:term":[{"taxonomy":"product_brand","embeddable":true,"href":"https:\/\/www.atta45.se\/e-butik\/wp-json\/wp\/v2\/product_brand?post=102600"},{"taxonomy":"product_cat","embeddable":true,"href":"https:\/\/www.atta45.se\/e-butik\/wp-json\/wp\/v2\/product_cat?post=102600"},{"taxonomy":"product_tag","embeddable":true,"href":"https:\/\/www.atta45.se\/e-butik\/wp-json\/wp\/v2\/product_tag?post=102600"}],"curies":[{"name":"wp","href":"https:\/\/api.w.org\/{rel}","templated":true}]}}