{"id":102536,"date":"2024-12-27T14:44:21","date_gmt":"2024-12-27T13:44:21","guid":{"rendered":"https:\/\/www.atta45.se\/e-butik\/produkt\/schwarzwolf-brenta-hopvikbar-vaska-ryggsack\/"},"modified":"2025-10-27T18:13:00","modified_gmt":"2025-10-27T17:13:00","slug":"schwarzwolf-brenta-hopvikbar-vaska-ryggsack","status":"publish","type":"product","link":"https:\/\/www.atta45.se\/e-butik\/produkt\/schwarzwolf-brenta-hopvikbar-vaska-ryggsack\/","title":{"rendered":"V\u00e4ska\/ryggs\u00e4ck Schwarzwolf Brenta hopvikbar"},"content":{"rendered":"<p>Schwarzwolf sportv\u00e4ska 2-i-1. Denna v\u00e4ska kan<br \/>enkelt omvandlas till en praktisk ryggs\u00e4ck. Den har ett st\u00f6rre parti med liten ficka med mindre dragkedjefickor p\u00e5 sidorna,<br \/>n\u00e4tfickor p\u00e5 sidorna l\u00e4mpliga f\u00f6r flaskor och i \u00f6vre fickan kan hela v\u00e4skan l\u00e4tt vikas ihop. Det justerbara bandet, b\u00e4rhandtag och b\u00e5da axelremmen d\u00f6ljs i specialfickor.<br \/>Material: Nylon ripstop med PU, foder i 210D<br \/>Volym: 28 L<br \/>Rekommenderad m\u00e4rkning: Screentryck S2<br \/>Maximal tryckstorlek: 100 \u00d7 40 mm<br \/>Dimension: O 24,5 \u00d7 46 cm, ihopvikt O 24,5 \u00d7 4 cm<\/p>\n","protected":false},"excerpt":{"rendered":"<p>Schwarzwolf sportv\u00e4ska 2-i-1. Denna v\u00e4ska kanenkelt omvandlas till en praktisk ryggs\u00e4ck. Den har ett st\u00f6rre parti med liten ficka med mindre dragkedjefickor p\u00e5 sidorna,n\u00e4tfickor p\u00e5 sidorna l\u00e4mpliga f\u00f6r flaskor och i \u00f6vre fickan kan hela v\u00e4skan l\u00e4tt vikas ihop. Det justerbara bandet, b\u00e4rhandtag och b\u00e5da axelremmen d\u00f6ljs i specialfickor.Material: Nylon ripstop med PU, foder i [&hellip;]<\/p>\n","protected":false},"featured_media":102537,"template":"","meta":{"_acf_changed":false,"_seopress_robots_primary_cat":"","_seopress_titles_title":"","_seopress_titles_desc":"","_seopress_robots_index":""},"product_brand":[],"product_cat":[15],"product_tag":[],"class_list":{"0":"post-102536","1":"product","2":"type-product","3":"status-publish","4":"has-post-thumbnail","6":"product_cat-okategoriserad","7":"atta45_taxonomy-vaskor-resetillbehor-ryggsackar-sv","8":"atta45_taxonomy-tema-inspiration-varumarken-schwarzwolf-sv","9":"atta45_taxonomy-vaskor-resetillbehor-sport-resvaskor-sv","10":"atta45_taxonomy-textil-vaskor-bagar-sv","12":"first","13":"instock","14":"taxable","15":"shipping-taxable","16":"purchasable","17":"product-type-variable"},"acf":[],"_links":{"self":[{"href":"https:\/\/www.atta45.se\/e-butik\/wp-json\/wp\/v2\/product\/102536","targetHints":{"allow":["GET"]}}],"collection":[{"href":"https:\/\/www.atta45.se\/e-butik\/wp-json\/wp\/v2\/product"}],"about":[{"href":"https:\/\/www.atta45.se\/e-butik\/wp-json\/wp\/v2\/types\/product"}],"wp:featuredmedia":[{"embeddable":true,"href":"https:\/\/www.atta45.se\/e-butik\/wp-json\/wp\/v2\/media\/102537"}],"wp:attachment":[{"href":"https:\/\/www.atta45.se\/e-butik\/wp-json\/wp\/v2\/media?parent=102536"}],"wp:term":[{"taxonomy":"product_brand","embeddable":true,"href":"https:\/\/www.atta45.se\/e-butik\/wp-json\/wp\/v2\/product_brand?post=102536"},{"taxonomy":"product_cat","embeddable":true,"href":"https:\/\/www.atta45.se\/e-butik\/wp-json\/wp\/v2\/product_cat?post=102536"},{"taxonomy":"product_tag","embeddable":true,"href":"https:\/\/www.atta45.se\/e-butik\/wp-json\/wp\/v2\/product_tag?post=102536"}],"curies":[{"name":"wp","href":"https:\/\/api.w.org\/{rel}","templated":true}]}}

Väska/ryggsäck Schwarzwolf Brenta hopvikbar

<p>Schwarzwolf sportväska 2-i-1. Denna väska kan<br />enkelt omvandlas till en praktisk ryggsäck. Den har ett större parti med liten ficka med mindre dragkedjefickor på sidorna,<br />nätfickor på sidorna lämpliga för flaskor och i övre fickan kan hela väskan lätt vikas ihop. Det justerbara bandet, bärhandtag och båda axelremmen döljs i specialfickor.<br />Material: Nylon ripstop med PU, foder i 210D<br />Volym: 28 L<br />Rekommenderad märkning: Screentryck S2<br />Maximal tryckstorlek: 100 × 40 mm<br />Dimension: O 24,5 × 46 cm, ihopvikt O 24,5 × 4 cm</p>

<p>Schwarzwolf sportväska 2-i-1. Denna väska kanenkelt omvandlas till en praktisk ryggsäck. Den har ett större parti med liten ficka med mindre dragkedjefickor på sidorna,nätfickor på sidorna lämpliga för flaskor och i övre fickan kan hela väskan lätt vikas ihop. Det justerbara bandet, bärhandtag och båda axelremmen döljs i specialfickor.Material: Nylon ripstop med PU, foder i [&hellip;]</p>
