{"id":101751,"date":"2024-12-27T14:27:58","date_gmt":"2024-12-27T13:27:58","guid":{"rendered":"https:\/\/www.atta45.se\/e-butik\/produkt\/gympapase-ryggsack-i-reflex\/"},"modified":"2025-10-27T23:03:13","modified_gmt":"2025-10-27T22:03:13","slug":"gympapase-ryggsack-i-reflex","status":"publish","type":"product","link":"https:\/\/www.atta45.se\/e-butik\/produkt\/gympapase-ryggsack-i-reflex\/","title":{"rendered":"Gympap\u00e5se\/ryggs\u00e4ck i reflex, Melila"},"content":{"rendered":"<p>Ryggs\u00e4ck \/ gympap\u00e5se i syntetsfiber. Hela p\u00e5sen \u00e4r reflekterande.<\/p>\n","protected":false},"excerpt":{"rendered":"<p>Ryggs\u00e4ck \/ gympap\u00e5se i syntetsfiber. Hela p\u00e5sen \u00e4r reflekterande.<\/p>\n","protected":false},"featured_media":101752,"template":"","meta":{"_acf_changed":false,"_seopress_robots_primary_cat":"","_seopress_titles_title":"","_seopress_titles_desc":"","_seopress_robots_index":""},"product_brand":[],"product_cat":[15],"product_tag":[],"class_list":{"0":"post-101751","1":"product","2":"type-product","3":"status-publish","4":"has-post-thumbnail","6":"product_cat-okategoriserad","7":"atta45_taxonomy-reflexer-verktyg-sakerhet-cykeltillbehor-sv","8":"atta45_taxonomy-vaskor-resetillbehor-ryggsackar-sv","9":"atta45_taxonomy-vaskor-resetillbehor-sport-resvaskor-sv","10":"atta45_taxonomy-textil-vaskor-bagar-sv","11":"atta45_taxonomy-vaskor-resetillbehor-sv","13":"first","14":"instock","15":"taxable","16":"shipping-taxable","17":"purchasable","18":"product-type-variable"},"acf":[],"_links":{"self":[{"href":"https:\/\/www.atta45.se\/e-butik\/wp-json\/wp\/v2\/product\/101751","targetHints":{"allow":["GET"]}}],"collection":[{"href":"https:\/\/www.atta45.se\/e-butik\/wp-json\/wp\/v2\/product"}],"about":[{"href":"https:\/\/www.atta45.se\/e-butik\/wp-json\/wp\/v2\/types\/product"}],"wp:featuredmedia":[{"embeddable":true,"href":"https:\/\/www.atta45.se\/e-butik\/wp-json\/wp\/v2\/media\/101752"}],"wp:attachment":[{"href":"https:\/\/www.atta45.se\/e-butik\/wp-json\/wp\/v2\/media?parent=101751"}],"wp:term":[{"taxonomy":"product_brand","embeddable":true,"href":"https:\/\/www.atta45.se\/e-butik\/wp-json\/wp\/v2\/product_brand?post=101751"},{"taxonomy":"product_cat","embeddable":true,"href":"https:\/\/www.atta45.se\/e-butik\/wp-json\/wp\/v2\/product_cat?post=101751"},{"taxonomy":"product_tag","embeddable":true,"href":"https:\/\/www.atta45.se\/e-butik\/wp-json\/wp\/v2\/product_tag?post=101751"}],"curies":[{"name":"wp","href":"https:\/\/api.w.org\/{rel}","templated":true}]}}