{"id":101667,"date":"2024-12-27T14:26:29","date_gmt":"2024-12-27T13:26:29","guid":{"rendered":"https:\/\/www.atta45.se\/e-butik\/produkt\/bagagebricka-i-aluminium\/"},"modified":"2025-10-27T22:30:00","modified_gmt":"2025-10-27T21:30:00","slug":"bagagebricka-i-aluminium","status":"publish","type":"product","link":"https:\/\/www.atta45.se\/e-butik\/produkt\/bagagebricka-i-aluminium\/","title":{"rendered":"Bagagebricka i aluminium isa"},"content":{"rendered":"<p>Bagagebricka i aluminium som hj\u00e4lper dig att hitta r\u00e4tt v\u00e4ska snabbt och l\u00e4tt. Med en gravyr s\u00e5 f\u00e5r den ett exklusivt utseende.<\/p>\n","protected":false},"excerpt":{"rendered":"<p>Bagagebricka i aluminium som hj\u00e4lper dig att hitta r\u00e4tt v\u00e4ska snabbt och l\u00e4tt. Med en gravyr s\u00e5 f\u00e5r den ett exklusivt utseende.<\/p>\n","protected":false},"featured_media":101668,"template":"","meta":{"_acf_changed":false,"_seopress_robots_primary_cat":"","_seopress_titles_title":"","_seopress_titles_desc":"","_seopress_robots_index":""},"product_brand":[],"product_cat":[15],"product_tag":[],"class_list":{"0":"post-101667","1":"product","2":"type-product","3":"status-publish","4":"has-post-thumbnail","6":"product_cat-okategoriserad","7":"atta45_taxonomy-vaskor-resetillbehor-bagagebrickor-sv","8":"atta45_taxonomy-vaskor-resetillbehor-researtiklar-sv","9":"atta45_taxonomy-tema-inspiration-ogonblick-sommargladje-sv","10":"atta45_taxonomy-tema-inspiration-sv","11":"atta45_taxonomy-vaskor-resetillbehor-trolleys-sv","12":"atta45_taxonomy-vaskor-resetillbehor-sv","14":"first","15":"instock","16":"taxable","17":"shipping-taxable","18":"purchasable","19":"product-type-variable"},"acf":[],"_links":{"self":[{"href":"https:\/\/www.atta45.se\/e-butik\/wp-json\/wp\/v2\/product\/101667","targetHints":{"allow":["GET"]}}],"collection":[{"href":"https:\/\/www.atta45.se\/e-butik\/wp-json\/wp\/v2\/product"}],"about":[{"href":"https:\/\/www.atta45.se\/e-butik\/wp-json\/wp\/v2\/types\/product"}],"wp:featuredmedia":[{"embeddable":true,"href":"https:\/\/www.atta45.se\/e-butik\/wp-json\/wp\/v2\/media\/101668"}],"wp:attachment":[{"href":"https:\/\/www.atta45.se\/e-butik\/wp-json\/wp\/v2\/media?parent=101667"}],"wp:term":[{"taxonomy":"product_brand","embeddable":true,"href":"https:\/\/www.atta45.se\/e-butik\/wp-json\/wp\/v2\/product_brand?post=101667"},{"taxonomy":"product_cat","embeddable":true,"href":"https:\/\/www.atta45.se\/e-butik\/wp-json\/wp\/v2\/product_cat?post=101667"},{"taxonomy":"product_tag","embeddable":true,"href":"https:\/\/www.atta45.se\/e-butik\/wp-json\/wp\/v2\/product_tag?post=101667"}],"curies":[{"name":"wp","href":"https:\/\/api.w.org\/{rel}","templated":true}]}}