{"id":101441,"date":"2024-12-27T09:06:32","date_gmt":"2024-12-27T08:06:32","guid":{"rendered":"https:\/\/www.atta45.se\/e-butik\/?post_type=product&#038;p=101441"},"modified":"2025-10-28T05:21:16","modified_gmt":"2025-10-28T04:21:16","slug":"poncho-med-reflekterande-3m-detaljer","status":"publish","type":"product","link":"https:\/\/www.atta45.se\/e-butik\/produkt\/poncho-med-reflekterande-3m-detaljer\/","title":{"rendered":"Poncho med reflekterande 3M detaljer"},"content":{"rendered":"<p>Tillverkad med 3M Scotchlite (materialets ursprung: USA). Tryckknappar p\u00e5 \u00e4rmar och krage samt den elastiska huvan s\u00e4kerst\u00e4ller en bekv\u00e4m passform.<\/p>\n<p>Vattent\u00e4t gradering: 15 000 mm. <\/p>\n<p>Framficka med dragkedja f\u00f6r f\u00f6rvaring av nycklar, v\u00e4xel, busskort etc. <\/p>\n<p>L\u00e5ng l\u00e4ngd f\u00f6r att t\u00e4cka ryggs\u00e4cken och \u00f6vre halvan av benen. <br \/>P\u00e5se med dragkedja f\u00f6r f\u00f6rvaring ing\u00e5r.<\/p>\n","protected":false},"excerpt":{"rendered":"<p>Tillverkad med 3M Scotchlite (materialets ursprung: USA). Tryckknappar p\u00e5 \u00e4rmar och krage samt den elastiska huvan s\u00e4kerst\u00e4ller en bekv\u00e4m passform. Vattent\u00e4t gradering: 15 000 mm. Framficka med dragkedja f\u00f6r f\u00f6rvaring av nycklar, v\u00e4xel, busskort etc. L\u00e5ng l\u00e4ngd f\u00f6r att t\u00e4cka ryggs\u00e4cken och \u00f6vre halvan av benen. P\u00e5se med dragkedja f\u00f6r f\u00f6rvaring ing\u00e5r.<\/p>\n","protected":false},"featured_media":101442,"template":"","meta":{"_acf_changed":false,"_seopress_robots_primary_cat":"","_seopress_titles_title":"","_seopress_titles_desc":"","_seopress_robots_index":""},"product_brand":[],"product_cat":[15],"product_tag":[],"class_list":{"0":"post-101441","1":"product","2":"type-product","3":"status-publish","4":"has-post-thumbnail","6":"product_cat-okategoriserad","7":"atta45_taxonomy-tema-inspiration-varumarken-great-reflectives-sv","8":"atta45_taxonomy-tema-inspiration-sasong-host-sv","9":"atta45_taxonomy-paraply-poncho-sv","10":"atta45_taxonomy-reflexer-regniga-dagar-sv","11":"atta45_taxonomy-tema-inspiration-sasong-var-sv","13":"first","14":"instock","15":"taxable","16":"shipping-taxable","17":"purchasable","18":"product-type-variable"},"acf":[],"_links":{"self":[{"href":"https:\/\/www.atta45.se\/e-butik\/wp-json\/wp\/v2\/product\/101441","targetHints":{"allow":["GET"]}}],"collection":[{"href":"https:\/\/www.atta45.se\/e-butik\/wp-json\/wp\/v2\/product"}],"about":[{"href":"https:\/\/www.atta45.se\/e-butik\/wp-json\/wp\/v2\/types\/product"}],"wp:featuredmedia":[{"embeddable":true,"href":"https:\/\/www.atta45.se\/e-butik\/wp-json\/wp\/v2\/media\/101442"}],"wp:attachment":[{"href":"https:\/\/www.atta45.se\/e-butik\/wp-json\/wp\/v2\/media?parent=101441"}],"wp:term":[{"taxonomy":"product_brand","embeddable":true,"href":"https:\/\/www.atta45.se\/e-butik\/wp-json\/wp\/v2\/product_brand?post=101441"},{"taxonomy":"product_cat","embeddable":true,"href":"https:\/\/www.atta45.se\/e-butik\/wp-json\/wp\/v2\/product_cat?post=101441"},{"taxonomy":"product_tag","embeddable":true,"href":"https:\/\/www.atta45.se\/e-butik\/wp-json\/wp\/v2\/product_tag?post=101441"}],"curies":[{"name":"wp","href":"https:\/\/api.w.org\/{rel}","templated":true}]}}

<p>Tillverkad med 3M Scotchlite (materialets ursprung: USA). Tryckknappar på ärmar och krage samt den elastiska huvan säkerställer en bekväm passform.</p>
<p>Vattentät gradering: 15 000 mm. </p>
<p>Framficka med dragkedja för förvaring av nycklar, växel, busskort etc. </p>
<p>Lång längd för att täcka ryggsäcken och övre halvan av benen. <br />Påse med dragkedja för förvaring ingår.</p>

<p>Tillverkad med 3M Scotchlite (materialets ursprung: USA). Tryckknappar på ärmar och krage samt den elastiska huvan säkerställer en bekväm passform. Vattentät gradering: 15 000 mm. Framficka med dragkedja för förvaring av nycklar, växel, busskort etc. Lång längd för att täcka ryggsäcken och övre halvan av benen. Påse med dragkedja för förvaring ingår.</p>
